
16
In base 3, what is 0 + 2022?
2022
In base 11, what is -764 + -1?
-765
In base 11, what is -4 + 48?
44
In base 14, what is -6 + -18?
-20
In base 9, what is 182 + -6?
175
In base 5, what is -10 + -3?
-13
In base 9, what is 4 - 37?
-33
In base 14, what is 4 + -10a?
-106
In base 9, what is 2166 + 4?
2171
In base 2, what is -10010 + 1010?
-1000
In base 3, what is -2 - -211?
202
In base 4, what is 33 - -10?
103
In base 8, what is -30 + -14?
-44
In base 7, what is 2 - -2066?
2101
In base 5, what is 3334 - -3?
3342
In base 10, what is -663 - 2?
-665
In base 5, what is -4202 + -2?
-4204
In base 10, what is -14 - 13?
-27
In base 11, what is -2236 - -2?
-2234
In base 2, what is -1000 + -1010?
-10010
In base 13, what is 7 + -48?
-41
In base 2, what is 100 - 1111?
-1011
In base 15, what is 4 + 6d?
72
In base 16, what is -52b + -4?
-52f
In base 10, what is -2 - -3184?
3182
In base 13, what is -144c - -4?
-1448
In base 5, what is 4041 - 10?
4031
In base 11, what is 286 - -3?
289
In base 11, what is 19a1 + -1?
19a0
In base 7, what is -12 - -13134?
13122
In base 6, what is -221 + 2?
-215
In base 2, what is -1 + 1010111110110?
1010111110101
In base 16, what is 5 + 7?
c
In base 5, what is 10 - 33041?
-33031
In base 6, what is 5 - 1134?
-1125
In base 14, what is 2 + 8?
a
In base 12, what is -4969 - -3?
-4966
In base 12, what is 5 + -15a?
-155
In base 11, what is -1441 - -2?
-143a
In base 13, what is -6a - 24?
-91
In base 13, what is 496 + -13?
483
In base 15, what is 12d6 - -3?
12d9
In base 9, what is 36 + 130?
166
In base 4, what is 1111 + -132?
313
In base 10, what is -4 - 85?
-89
In base 3, what is -20000 - 0?
-20000
In base 5, what is 2 + -33233?
-33231
In base 4, what is 2301 - -20?
2321
In base 15, what is 7 - 11?
-9
In base 7, what is 306 - 41?
235
In base 2, what is -10 - 11001?
-11011
In base 2, what is -111 - -1010001110?
1010000111
In base 15, what is -20 + c?
-13
In base 10, what is 1 + -5066?
-5065
In base 7, what is -2101 - 1?
-2102
In base 2, what is -11100 - 1000?
-100100
In base 8, what is 2 - 166?
-164
In base 11, what is -94 - 0?
-94
In base 2, what is 10010011101 - 10?
10010011011
In base 16, what is -2c + -4d?
-79
In base 6, what is 5 + -252?
-243
In base 11, what is -38 + -3a?
-77
In base 12, what is -132 + -3?
-135
In base 10, what is 107 - 25?
82
In base 4, what is -2 + -31221?
-31223
In base 5, what is 1412 - -3?
1420
In base 8, what is -233 - 12?
-245
In base 5, what is -11 + -43?
-104
In base 3, what is 200 + -2?
121
In base 7, what is 11 - -34?
45
In base 10, what is -3 + 195?
192
In base 16, what is -1563 - 3?
-1566
In base 9, what is 2360 + 5?
2365
In base 4, what is -2331 - 11?
-3002
In base 11, what is -3 + -13?
-16
In base 8, what is 140 + 21?
161
In base 8, what is 2 + -3764?
-3762
In base 8, what is -21 + -153?
-174
In base 14, what is -20a + -2?
-20c
In base 11, what is 8 - -14?
21
In base 15, what is -1c - -11?
-b
In base 14, what is 337 + 1?
338
In base 4, what is -30 + 121?
31
In base 3, what is 100 - -1002?
1102
In base 16, what is 0 + -a0?
-a0
In base 10, what is 51 + 17?
68
In base 10, what is -143 - -185?
42
In base 8, what is 322 - -13?
335
In base 10, what is -122 + 3?
-119
In base 16, what is -2 + 3?
1
In base 3, what is -211 + 11?
-200
In base 16, what is -26 - d?
-33
In base 7, what is 105533 - 4?
105526
In base 5, what is -2424 - 10?
-2434
In base 14, what is 5a2 - -4?
5a6
In base 5, what is 1012 - 1?
1011
In base 7, what is -143 - 3?
-146
In base 6, what is -14 + 1415?
1401
In base 13, what is 3 - 16?
-13
In base 3, what is 11 - 102?
-21
In base 11, what is 11 + 10?
21
In base 14, what is 3c0 - 8?
3b6
In base 13, what is 6696 - -1?
6697
In base 15, what is a - -c?
17
In base 4, what is -11 + -200320?
-200331
In base 2, what is 1 + 101001101?
101001110
In base 14, what is -6d69 + 0?
-6d69
In base 9, what is 43065 + 2?
43067
In base 7, what is -2 - -1012?
1010
In base 16, what is 5 - 190?
-18b
In base 10, what is -2 - -2206?
2204
In base 11, what is -2 + 333?
331
In base 12, what is 26 - 36?
-10
In base 12, what is 1391 + 3?
1394
In base 13, what is c35 - 0?
c35
In base 14, what is -71d + 1?
-71c
In base 3, what is 11 - -12110?
12121
In base 15, what is -2 + -6e?
-71
In base 5, what is 210 + -21?
134
In base 12, what is 1 - -27?
28
In base 11, what is -2 + 508?
506
In base 5, what is 3 - -230311?
230314
In base 16, what is -c4 + 5?
-bf
In base 6, what is -4011 + 11?
-4000
In base 2, what is 0 - -1011110111?
1011110111
In base 6, what is 5340 + -2?
5334
In base 6, what is 3032 + -1?
3031
In base 10, what is 9379 - 1?
9378
In base 15, what is -1 + 35?
34
In base 10, what is 0 - -184?
184
In base 14, what is -5 + 10?
9
In base 4, what is -20221 + 22?
-20133
In base 6, what is -55 - -111?
12
In base 3, what is -11 - 101?
-112
In base 13, what is -1 + 0?
-1
In base 5, what is 2 + 2103?
2110
In base 10, what is -3795 + 3?
-3792
In base 14, what is -5b74 - -3?
-5b71
In base 9, what is -50 + 6?
-43
In base 15, what is c2 + 12?
d4
In base 8, what is -2 - 42?
-44
In base 6, what is -5 - 142?
-151
In base 8, what is 13 + 0?
13
In base 8, what is 1055 + 106?
1163
In base 13, what is -7 + 228?
221
In base 9, what is 5 - 125?
-120
In base 8, what is 33 + -111?
-56
In base 16, what is -11 - -3?
-e
In base 9, what is -4 + 2708?
2704
In base 9, what is 26 + 467?
504
In base 4, what is 1201 + -10?
1131
In base 13, what is -1153 + 5?
-114b
In base 2, what is -101100 - -111?
-100101
In base 10, what is -2 - 12?
-14
In base 11, what is 2 - -4980?
4982
In base 9, what is 5760 - 3?
5756
In base 6, what is 4 + -124?
-120
In base 12, what is 8 + -144?
-138
In base 7, what is 5410 + 3?
5413
In base 16, what is -4eb4 + 5?
-4eaf
In base 13, what is 173 - -3?
176
In base 6, what is 10 + -40?
-30
In base 12, what is 55 - 0?
55
In base 10, what is 0 - 705?
-705
In base 9, what is -2 - 128?
-131
In base 6, what is -24 + -2?
-30
In base 16, what is b - 276?
-26b
In base 16, what is -9 + 22?
19
In base 11, what is -8 + -a?
-17
In base 3, what is 0 + 10002012?
10002012
In base 11, what is 2 + 126a?
1271
In base 10, what is 1 + -951?
-950
In base 3, what is -2 - -10221100?
10221021
In base 5, what is -4223 + 12?
-4211
In base 8, what is -2 - 170?
-172
In base 14, what is 4648 + 4?
464c
In base 16, what is -2a + 8?
-22
In base 2, what is -1 - -1010101110?
1010101101
In base 10, what is 5 - -91?
96
In base 11, what is -84 + -5?
-89
In base 7, what is 136 - 12?
124
In base 9, what is 4 + -148?
-144
In base 8, what is -401 + 2?
-377
In base 14, what is -12 - 3?
-15
In base 3, what is 210 - 212?
-2
In base 2, what is -1 + 111111100?
111111011
In base 5, what is -12441 + -1?
-12442
In base 7, what is -3 - 261?
-264
In base 15, what is 9b + -7?
94
In base 4, what is 321300 - -13?
321313
In base 2, what is -10 + 1010101?
1010011
In base 6, what is 335 + -103?
232
In base 8, what is -4 - 1?
-5
In base 14, what is -13 - -11?
-2
In base 9, what is 6 - 12?
-5
In base 16, what is -4e1 - -4?
-4dd
In base 3, what is -1 - -120?
112
In base 7, what is -356 - 1?
-360
In base 11, what is 1696 + -3?
1693
In base 7, what is -4 + -10?
-14
In base 5, what is 1023 + 1?
1024
In base 13, what is ac + 10?
bc
In base 12, what is -272 + 1?
-271
In base 3, what is 1220002 - 12?
1212220
In base 11, what is -507 + 16?
-4a1
In base 2, what is 10 + -11100?
-11010
In base 10, what is 1124 - 1?
1123
In base 12, what is 4 + 94?
98
In base 3, what is -1020 - -20?
-1000
In base 4, what is 0 - -30321?
30321
In base 12, what is -19 + -125?
-142
In base 9, what is -2 - 2837?
-2840
In base 11, what is -2 + -380?
-382
In base 4, what is 10022 + -31?
3331
In base 13, what is -3 - -3?
0
In base 8, what is 16 - -10?
26
In base 13, what is -32 + -2?
-34
In base 8, what is -535 - -6?
-527
In base 2, what is 10110 + 101?
11011
In base 2, what is -101 + -10011000?
-10011101
In base 11, what is 1727 + 4?
1730
In base 7, what is -3 - -24?
21
In base 8, what is -4574 - 13?
-4607
In base 16, what is -3 + -e?
-11
In base 8, what is 5 + 45?
52
In base 2, what is -110 + 0?
-110
In base 12, what is -170 + -46?
-1b6
In base 9, what is 5 + -146?
-141
In base 2, what is 110 + -1001?
-11
In base 12, what is -55 + -34?
-89
In base 2, what is -100111 + 110?
-100001
In base 3, what is -12 + -2002112?
-20022